{"id":2,"date":"2010-11-23T10:23:07","date_gmt":"2010-11-23T15:23:07","guid":{"rendered":"http:\/\/www.effetdesurprise.qc.ca\/~randoscripturale\/?page_id=2"},"modified":"2014-08-14T08:42:52","modified_gmt":"2014-08-14T13:42:52","slug":"a-propos","status":"publish","type":"page","link":"https:\/\/randonnee.effetdesurprise.qc.ca\/?page_id=2","title":{"rendered":"\u00c0 propos"},"content":{"rendered":"<p style=\"text-align: justify;\"><a href=\"http:\/\/randonnee.effetdesurprise.qc.ca\/wp-content\/uploads\/2010\/11\/AS-2ND.YAS_.118.jpg\"><img decoding=\"async\" loading=\"lazy\" class=\"alignleft size-thumbnail wp-image-2245\" title=\"AS 2ND.YAS.118\" src=\"http:\/\/randonnee.effetdesurprise.qc.ca\/wp-content\/uploads\/2010\/11\/AS-2ND.YAS_.118-150x150.jpg\" alt=\"\" width=\"150\" height=\"150\" \/><\/a>De la France au Qu\u00e9bec, il n&rsquo;y avait qu&rsquo;un oc\u00e9an \u00e0 franchir&#8230; Comme je trouvais ce cher Voltaire d&rsquo;avoir \u00e9t\u00e9 un peu cavalier en son temps, j&rsquo;ai d\u00e9cid\u00e9 de ne l&rsquo;en point croire et de prendre un grand Boeing bleu de mer pour venir me faire une t\u00eate par moi-m\u00eame sur ces dr\u00f4les de cousins \u00e0 l&rsquo;accent si charmant. J&rsquo;ai tellement aim\u00e9 le pays (ah la belle ville de Qu\u00e9bec, si romantique avec ses ruelles et son ch\u00e2teau!!!) que j&rsquo;y suis rest\u00e9e pour de bon!<\/p>\n<p style=\"text-align: justify;\">Enseignante de fran\u00e7ais en France, j&rsquo;ai poursuivi ma route sur les bancs d&rsquo;\u00e9cole \u00e0 l&rsquo;universit\u00e9 Laval o\u00f9 j&rsquo;ai obtenu en \u00e9change avec la facult\u00e9 de Lyon-Jean Moulin (Lyon 3) une ma\u00eetrise en 1992 puis en 1996 un Dipl\u00f4me d&rsquo;\u00c9tudes approfondies en litt\u00e9rature qu\u00e9b\u00e9coise. J&rsquo;ai ensuite enseign\u00e9 le fran\u00e7ais, le latin, l&rsquo;art dramatique \u00e0 divers niveaux du secondaire au Coll\u00e8ge J\u00e9sus-Marie de Sillery jusqu&rsquo;en 2008 o\u00f9 la direction des programmes en fran\u00e7ais (MELS) m&rsquo;a propos\u00e9 un pr\u00eat de service dans le cadre du Plan d&rsquo;action pour l&rsquo;am\u00e9lioration du fran\u00e7ais. Depuis septembre 2013, je travaille \u00e0 la Direction des services aux communaut\u00e9s culturelles o\u00f9 je soutiens les travaux de l&rsquo;\u00e9quipe en mati\u00e8re de technologies.<\/p>\n<p style=\"text-align: justify;\">Outre ma carri\u00e8re d&rsquo;enseignante, je suis la maman de deux magnifiques gar\u00e7ons qui ne cessent de m&rsquo;\u00e9tonner et de me combler de fiert\u00e9 et de joie.<\/p>\n<p style=\"text-align: justify;\">J&rsquo;occupe mes temps libres \u00e0 la restauration de ma maison ancestrale, \u00e0 l&rsquo;\u00e9criture et ce blogue est mon premier pas vers un lectorat plus \u00e9largi.<\/p>\n<p style=\"text-align: justify;\">&nbsp;<\/p>\n<p style=\"text-align: justify;\">Nathalie Couzon<\/p>\n","protected":false},"excerpt":{"rendered":"<p>De la France au Qu\u00e9bec, il n&rsquo;y avait qu&rsquo;un oc\u00e9an \u00e0 franchir&#8230; Comme je trouvais ce cher Voltaire d&rsquo;avoir \u00e9t\u00e9 un peu cavalier en son temps, j&rsquo;ai d\u00e9cid\u00e9 de ne l&rsquo;en point croire et de prendre un grand Boeing bleu de mer pour venir me faire une t\u00eate par moi-m\u00eame sur ces dr\u00f4les de cousins [&hellip;]<\/p>\n","protected":false},"author":1,"featured_media":0,"parent":0,"menu_order":0,"comment_status":"open","ping_status":"open","template":"","meta":[],"_links":{"self":[{"href":"https:\/\/randonnee.effetdesurprise.qc.ca\/index.php?rest_route=\/wp\/v2\/pages\/2"}],"collection":[{"href":"https:\/\/randonnee.effetdesurprise.qc.ca\/index.php?rest_route=\/wp\/v2\/pages"}],"about":[{"href":"https:\/\/randonnee.effetdesurprise.qc.ca\/index.php?rest_route=\/wp\/v2\/types\/page"}],"author":[{"embeddable":true,"href":"https:\/\/randonnee.effetdesurprise.qc.ca\/index.php?rest_route=\/wp\/v2\/users\/1"}],"replies":[{"embeddable":true,"href":"https:\/\/randonnee.effetdesurprise.qc.ca\/index.php?rest_route=%2Fwp%2Fv2%2Fcomments&post=2"}],"version-history":[{"count":18,"href":"https:\/\/randonnee.effetdesurprise.qc.ca\/index.php?rest_route=\/wp\/v2\/pages\/2\/revisions"}],"predecessor-version":[{"id":64,"href":"https:\/\/randonnee.effetdesurprise.qc.ca\/index.php?rest_route=\/wp\/v2\/pages\/2\/revisions\/64"}],"wp:attachment":[{"href":"https:\/\/randonnee.effetdesurprise.qc.ca\/index.php?rest_route=%2Fwp%2Fv2%2Fmedia&parent=2"}],"curies":[{"name":"wp","href":"https:\/\/api.w.org\/{rel}","templated":true}]}}